m(0).
2, 11, 43
Suppose 5*m = 4*u + 3702, -u + 5*m = -4*u - 2794. Let c = 1381 + u. List the prime factors of c.
3, 151
Suppose -43*d + 10*d + 0*d + 171831 = 0. List the prime factors of d.
41, 127
Let k = -14980 + 21630. What are the prime factors of k?
2, 5, 7, 19
Suppose 2*g - 406 = 434. Suppose 3*q + 4*t + 811 = 0, -5*t = -4*q - 1460 + g. Let w = q - -377. List the prime factors of w.
2, 7
Let x(o) = -o**2 + 212*o + 88. What are the prime factors of x(58)?
2, 5, 11, 41
Suppose -10*b - 4 = -4. Suppose 5*a + 2*w + 19 = b, 9 = 5*a - 6*a - 3*w. What are the prime factors of (92/(-4) - (-2 - a))*-6?
2, 3
List the prime factors of (-4)/1 - (13525 + -7)/(-6).
13, 173
Let n(c) = -6*c**3 + 2*c**2 + 85*c - 5. Let k be n(-8). Suppose -18*o = -1499 - k. List the prime factors of o.
223
Let u(x) = x**3 + 18*x**2 + 25*x - 64. Let t be u(-16). Suppose i - t - 241 = 0. List the prime factors of i.
17
Let m = 11896 + -9275. List the prime factors of m.
2621
What are the prime factors of 10928*((-702)/144)/(-13)?
2, 3, 683
Let h be 6 + 23/((-69)/(-1476)). What are the prime factors of h + 12/2 + 0?
2, 3, 7
Let b = 62683 - 23855. What are the prime factors of b?
2, 17, 571
Let k be 1 + -4 + 0 + 0. Let b(f) be the first derivative of 3*f**2/2 + 20*f - 74. What are the prime factors of b(k)?
11
Let g = -6630 + 6950. What are the prime factors of g?
2, 5
Let j(w) = 111*w**2 + 5*w + 110. What are the prime factors of j(6)?
2, 11, 47
What are the prime factors of 4*22/528 - 855321/(-18)?
2, 23, 1033
Let a(n) = n**2 - 7 + 4 + 19 - 4*n. What are the prime factors of a(9)?
61
Let x = 1850 + -1320. Suppose 2*f = c - x, -f + 2075 = -0*c + 4*c. List the prime factors of c.
2, 5, 13
Let p(t) = t**2 + 6*t. Let h be p(-7). Let r(k) = -k**2 - 5*k + 7. Let v be r(1). List the prime factors of v/(h/1) + (-4338)/(-63).
3, 23
Let n be (5/3)/((-15)/(-9)). Let x(f) be the first derivative of 159*f**2/2 + f + 2. List the prime factors of x(n).
2, 5
Suppose 14 = 47*v - 45*v. Let n = 35 + v. List the prime factors of 0 + 108*(n/8 + -3).
3
Let q = -83 + 99. Suppose 3*l + 15 - 4 = 4*a, 3*l = a - 14. Let o = q + a. What are the prime factors of o?
3, 5
Suppose -4*i = -4*u - 56, -3*i + 2*u + 22 = -15. What are the prime factors of (-2)/i - (-2350)/45?
2, 13
Suppose 4*m + 2*i = 25904, m = -4*i + 2*i + 6485. What are the prime factors of m?
6473
Let t = 61 - 41. Let b be (-16)/t*(-3540)/8. Suppose -3*l + b = 3*y, -4*l - 421 - 35 = -4*y. What are the prime factors of y?
2, 29
Let n(r) = -2*r**2 - 44*r - 16. Let y be n(-19). What are the prime factors of 12278/y - 4/14?
5
List the prime factors of (674/6)/((-6)/(-252)) - (1 - 3).
2, 5, 59
Suppose -3*k + a + 50693 = 0, 89*a - 86*a - 84507 = -5*k. What are the prime factors of k?
3, 43, 131
Let x = -1233 - -873. Let a = x - -509. List the prime factors of a.
149
What are the prime factors of ((-1077)/9)/(22/(-3168))?
2, 3, 359
Let l(o) = 3*o**2 + 126*o + 2923. What are the prime factors of l(-96)?
5, 739
Let g(t) = 25*t**2 + t**3 + t**3 + 16 - 3*t + 0*t - 15*t. List the prime factors of g(-13).
3
Let p be 4/6 + 1/3 + 1717. Suppose 3*w + 5*r + 189 - 1484 = 0, -2*r = -4*w + p. Suppose 8*v = 3*v + w. What are the prime factors of v?
2, 43
Let t be 12/(-28) - 297/(-7). Let k be t/(-8) + (-24)/32. Let p = k - -149. List the prime factors of p.
11, 13
List the prime factors of -6 - -10 - 11 - -5072.
5, 1013
Suppose 17*m - 16*m = -4, 4*g = 2*m + 34852. List the prime factors of g.
31, 281
Suppose 11*k + 1836 = 14*k. Suppose y - 3*t = 286, -2*y - 2*t = -0*y - k. What are the prime factors of y?
7, 43
Let s(j) = 5*j - 122. Let a be s(23). Let y(h) = h**3 + 15*h**2 - 6*h - 25. What are the prime factors of y(a)?
409
Let q be (-2)/(-6) + 391/51. Suppose -4*z + q + 12 = 0. Suppose 0 = 30*j - 31*j + z. List the prime factors of j.
5
Suppose -29*c + 1699919 = 31*c - 17*c. List the prime factors of c.
13, 3041
Suppose -a = -5*w - 0*w + 1859, -w - 4*a = -376. Let q = -211 + w. Suppose 0 = 3*l - q - 31. What are the prime factors of l?
2
Let n(k) = k**3 + 8*k**2 + 8*k + 5. Let f be n(-7). Let i be (1 - (1 + 1 + f))*-5. List the prime factors of -4*1268/(-80) + 2/i.
3, 7
What are the prime factors of -5 + (15 - 8) + 13619?
53, 257
Suppose 26 - 122 = 6*y. Let v = y + 19. Suppose -v*n = 3*n - 144. List the prime factors of n.
2, 3
Let x(w) = -w**2 - 3*w - 4. Let o be x(-2). Let p be o*2*(4 + (-18)/4). List the prime factors of (-6 - -3)/3 - p - -190.
11, 17
Let d(z) = z + 1. Let i(m) = 5*m**2 - m - 4. Let a(o) = -2*d(o) - i(o). Let h be a(-2). List the prime factors of (-1 - 18)/(h/64).
2, 19
Let c(j) = 5*j**2 + 28*j + 138. Suppose 85*f = 94*f + 144. What are the prime factors of c(f)?
2, 5, 97
Suppose 43*g - 8 = 41*g. Suppose 13090 - 2090 = -g*b. List the prime factors of b/(-35) + (-4)/7.
2, 3, 13
Suppose 0 = 5*w - d - 87727, -3*w + 10825 = 4*d - 41825. What are the prime factors of w?
2, 31, 283
Let c be 6 - 5*-2*6/(-15). Suppose -330 = -c*s + 178. What are the prime factors of s?
2, 127
Let h(q) = -q + 7. Let k be h(7). Suppose 2*n - p + 15 = 510, n - 4*p - 265 = k. What are the prime factors of n?
5, 7
Let k(p) be the first derivative of 8 + 8/3*p**3 - 3*p**2 - 1/4*p**4 + 7*p. List the prime factors of k(6).
43
Suppose -4*a = 5*f + 62406 - 157115, 56835 = 3*f + 4*a. List the prime factors of f.
29, 653
Let o(r) = -22*r - 34. Let x be o(-2). Let w(m) = m**2 + 2*m - 1. Let h be w(-4). Suppose h*y - x*y = -105. List the prime factors of y.
5, 7
Let g(b) = b**2 + 17*b + 19. Suppose 16*t + 250 = -6. Let o be g(t). Suppose 4*k - 941 = -5*x, -k - 2*k = o. What are the prime factors of x?
3, 7
Let q = -80 - -65. Let l be ((-9)/q)/(3/75). List the prime factors of 4/(-20) + (2 - (-1098)/l).
3, 5
Let m be 1128 - (-4)/(-24)*0. Suppose m = -7*g + 3872. List the prime factors of g.
2, 7
Suppose 3*d - z + 200 = 0, -5*z = -d - 93 + 17. Let p = d + 118. Let r = -39 + p. What are the prime factors of r?
13
Suppose 63 = 4*u + 91. List the prime factors of (u/(7/2))/((-16)/4664).
11, 53
Let p(i) = i + 6. Let g be 4/(-8) + 54/12. List the prime factors of p(g).
2, 5
Suppose -34*u - 93 = -3*u. Let d(o) = -7*o**3 + 6*o**2 - 2*o + 2. List the prime factors of d(u).
251
Suppose 19 + 141 = 5*z. Suppose -37*o = -z*o - 25. Suppose -2*h = o*g - 780, g + 2*g - 468 = -2*h. What are the prime factors of g?
2, 3, 13
Suppose -155 - 15 = -34*f. Let x = -8 + -87. What are the prime factors of 316*(f + x/20)?
79
List the prime factors of 1969275/396 + 3/36.
4973
Let b = 146053 + -100344. What are the prime factors of b?
43, 1063
Let b(l) = -143*l**3 + 2*l**2 + 10*l + 1. List the prime factors of b(-2).
11, 103
List the prime factors of ((-374)/(-66))/(4/372).
17, 31
What are the prime factors of (-645603)/(-378) + 3/54?
2, 7, 61
Let z(i) = 1208*i - 203. List the prime factors of z(5).
13, 449
Let b = 2203 + -525. Suppose 4*k + x - 3331 = 0, -3*k - 2*x - b = -5*k. What are the prime factors of k?
2, 3, 139
Suppose -4550 = 5*d - 4*a - 17472, 7734 = 3*d + 4*a. What are the prime factors of d?
2, 1291
Let k = -4564 - -6478. Suppose -3*s - 4*f = -1914, -s - 5*f = 2*s - k. What are the prime factors of s?
2, 11, 29
Let b be (-3 - -31)*(-3)/(-3). Suppose -6*j - b = -10*j. Suppose 19 = 4*t + j. What are the prime factors of t?
3
List the prime factors of 199/2*24*(-28)/(-21) + 1.
5, 7, 13
Let s = -982 - -681. Let o = s + 747. What are the prime factors of o?
2, 223
Suppose 0 = 326*r - 254*r - 343152. What are the prime factors of r?
2, 2383
Let x(h) be the third derivative of 43*h**6/24 + h**4/24 + 26*h**2. List the prime factors of x(1).
2, 3
Let y be (-9)/(-2) + (-270)/(-108). Suppose -23 = y*s - 527. What are the prime factors of s?
2, 3
Let k(a) be the second derivative of -a**3/6 - a**2/2 - 31*a. Let u(g) = -g**2 - 25*g + 13. Let l(t) = -5*k(t) + u(t). List the prime factors of l(-8).
2, 3, 19
Suppose -381*q = -362*q - 51387 - 109695. What are the prime factors of q?
2, 3, 157
Let x = -264 - -266. Suppose -5 = -n - 1. Suppose 75 = p - x*d + d, 0 = n*p + 2*d - 312. What are the prime factors of p?
7, 11
Suppose 10*t = 15*t - 4*u - 214233, -5*t = 2*u - 214221. List the prime factors of t.
5, 11, 19, 41
Suppose 33*l - 6*l + 27*l - 738558 = 0. What are the prime factors of l?
3, 47, 97
Suppose